se -3*h - 2*s + f = 2, 2*h = -3*s + 2. Suppose -h*r + 2*r = -90. What is the greatest common factor of 18 and r?
18
Let s = -5864 - -6204. What is the highest common divisor of 748 and s?
68
Let d = 5450 + -4450. Suppose 4*g = g + 120. What is the greatest common factor of g and d?
40
Let y(g) = -825*g - 1646. Let j be y(-2). Let t be 1 + -3*1 + 10. Suppose 2*c - t = 2. What is the greatest common divisor of c and j?
1
Let x be 0 + 6/(-21) - (0 - (-768)/(-42)). Calculate the highest common factor of x and 17856.
18
Suppose -47407 = -138*o + 41603. Suppose 42 + 3 = 3*g. Calculate the greatest common factor of g and o.
15
Let l(f) = 23*f + 55. Let w be l(1). Calculate the highest common factor of 1755 and w.
39
Let v be 18473/35 - 11/(-55). Let n(i) = -17*i - 1. Let y be n(-2). Calculate the greatest common factor of v and y.
33
Let u(d) = 358*d + 126. Let k be u(4). Suppose -2*i - k = -4*m, 0 = 2*i + 3*i - 15. What is the greatest common divisor of m and 17?
17
Let b(h) = h**3 + 6*h**2 - 776*h + 33. Let u be b(25). Suppose -215 = -3*z + 241. Calculate the greatest common divisor of u and z.
8
Let c = -28573 - -29833. What is the greatest common divisor of 280 and c?
140
Suppose 3*n + 1 = 10. Let p = 13 - n. Suppose 3*y + 49 = 79. Calculate the highest common factor of y and p.
10
Suppose 15*q = 4*q + 99. What is the greatest common factor of q and 285?
3
Suppose 0 = -4*x + 174 - 26. Let h = x - 1. Let y = -770 - -788. Calculate the highest common divisor of y and h.
18
Let h(v) = 6*v**2 - 24*v + 3. Suppose -6*o = -10*o + 32. Let s be h(o). What is the highest common factor of s and 15?
15
Suppose w - z = 7, 2*w - 3*z - 2*z - 2 = 0. Let i(t) = -2*t**3 - 10*t**2 - t - 2. Let b be i(-5). What is the greatest common divisor of b and w?
1
Let l = -66 + -290. Let h(m) = -20*m**2 + 18*m + 6. Let w be h(6). Let n = l - w. Calculate the highest common factor of n and 25.
25
Suppose x + 0*x + 25 = 2*s, 0 = 4*s - x - 49. Suppose 0 = -s*y + 9*y, -4*y = 3*p - 57. What is the highest common factor of p and 209?
19
Let f = 11152 + -11134. Calculate the greatest common factor of 58 and f.
2
Suppose 2*r + 1116 - 3300 = 0. Calculate the highest common divisor of r and 336.
84
Let y = -233 - -240. Suppose h = -y + 31. Calculate the highest common factor of h and 152.
8
Let f = -11 - -8. Let d be 1 - ((-48)/3 + f). Suppose 0 = -4*w + 2*y + 36, 54*w - 2 = 53*w - 3*y. What is the greatest common factor of w and d?
4
Let j be ((-45)/(-18)*2)/((-25)/(-925)). Suppose -g = -3*v + 6*v - 329, -2*g - 8 = 0. What is the highest common divisor of v and j?
37
Suppose -t - 70 = 8*v - 10*v, -3*v + 275 = -4*t. Let i be 4/(-10) - 654/15. Let k = i - t. Calculate the highest common divisor of k and 2.
2
Let j = 16 + -11. Suppose 12*f = 43 + j. Suppose f*x = -2*u + 444, -380 = -4*x - 3*u + 66. What is the greatest common factor of x and 22?
22
Let w(a) = 40*a**3 - 9*a**2 + a - 2. Let v be w(2). What is the greatest common divisor of v and 4?
4
Let u = -4205 + 4484. Calculate the highest common divisor of 72 and u.
9
Let y(n) = -n**3 - 7*n**2 - 8*n - 44. Let i be y(-8). Suppose 0 = 5*v + 2*z - i, -2*v - 3*v - z = -82. Calculate the highest common divisor of 64 and v.
16
Let d = 2398 + -1808. What is the highest common divisor of 90 and d?
10
Suppose 5*f - 20 = 0, -3*h + 6*f = 5*f - 20. Let g = -42 + 1066. What is the highest common factor of g and h?
8
Suppose -2*t + 18 = 2*k + 10, t = 2. Suppose -b = -p - 805, -2*p - 3*p = k*b - 1610. Calculate the greatest common divisor of b and 35.
35
Let j be (2/8 + 21/(-4))/(-1). Suppose y + 3 = 0, j*t - 10*t = 5*y - 125. Calculate the highest common factor of t and 42.
14
Let b(f) = -334*f + 11300. Let w be b(23). Calculate the highest common factor of 270 and w.
54
Suppose -3*f = 3*y + 21, -f + 27 = -3*y - 2*f. Let k be -85*y/35 - 4/14. Let p be (-36)/(-9) + k/1. Calculate the highest common divisor of 140 and p.
28
Let v(r) = -76*r**3 - 373*r**2 - 1114*r - 7. Let s be v(-3). Calculate the highest common factor of s and 100.
10
Let z = 27 + -11. Suppose -5*i = -4*d + 719, -2*d + 347 = -2*i - 3*i. Suppose 0 = -4*a + d - 58. What is the greatest common divisor of z and a?
16
Let k(i) = -5*i**3 - 2*i**2 - i - 2. Let t be -22 + (1 - (3 + 2)). Let h be 144/(-78) - (-4)/t. Let z be k(h). What is the greatest common factor of z and 80?
16
Let m(i) = -193*i - 2097. Let g be m(-18). Calculate the greatest common divisor of 1683 and g.
153
Let m(i) = i. Let q be m(-3). Let d = 5 - q. Suppose d = 3*g - 16. What is the greatest common factor of g and 24?
8
Let b(h) = 6*h + 10. Let x be b(0). Let r(j) = -j**3 + 2*j**2 + 4*j - 3. Let f be r(3). Suppose -5*i = -f*i - x. What is the highest common divisor of i and 8?
2
Let i(w) = 2*w + 75. Let m be i(-18). Let o be -6 - 13/(m/(-282)). Calculate the highest common divisor of o and 8.
8
Let n = 3243 + -3233. What is the greatest common factor of n and 3130?
10
Suppose -4*b - 2*i + 8118 = 0, -6*b + 5*i = -2*b - 8083. Suppose -k + 4*f + 206 = -207, -5*k + f = -b. What is the highest common divisor of k and 45?
45
Let h(t) = -3*t + 6. Let p be h(-3). Suppose 16*o = p*o + 5. Suppose 6 + 4 = o*d. What is the highest common divisor of 3 and d?
1
Let v be (-245)/28*2*(-6)/5. Suppose -10*o + v*o - 660 = 0. Calculate the highest common divisor of 18 and o.
6
Let m(r) be the third derivative of 0*r**4 + 0 - 35*r**2 + 2/3*r**3 + 1/30*r**5 + 0*r. Let w be m(-2). Calculate the greatest common divisor of 20 and w.
4
Suppose 3*a = -5 + 124 + 265. What is the greatest common divisor of a and 4768?
32
Let v(j) = 16*j - 34. Let b be v(5). Let q be (b + -22)/(14/8 + -1). Let h(f) = -2*f - 2. Let d be h(-5). Calculate the greatest common factor of d and q.
8
Let b be 4 + -2 + -2 + 175. Let l be (-1)/(-2)*(-23)/((-460)/560). Calculate the highest common factor of b and l.
7
Let q = 131 + -130. Let t = 12 + q. Calculate the highest common divisor of 325 and t.
13
Let i = -81531 + 118796. Calculate the greatest common divisor of i and 29.
29
Suppose 0 = 10*y - 142 + 52. Let h be y/(-6)*220/(-33). Calculate the greatest common divisor of 120 and h.
10
Suppose 167 = 3*v - 13. Let w be (14/(-21) - 112/(-18)) + 4/9. Calculate the greatest common divisor of v and w.
6
Suppose -2*f + 16 = 0, 12*q - 2455 = -9*q - 5*f. Calculate the greatest common divisor of 3841 and q.
23
Suppose -10249 + 39546 = 131*r - 13016. Let o = -7 - -45. What is the greatest common factor of r and o?
19
Let r(j) = 683*j + 4121. Let a be r(-6). What is the greatest common factor of 33419 and a?
23
Let b be 11 + 48 + 17 + -6. Let q = -19 + 33. Calculate the greatest common factor of b and q.
14
Suppose 33 = -8*z + 41. Let i be 3 + z + (24 + 6 - 5). What is the greatest common factor of i and 464?
29
Suppose 16*x - 19*x - 4*y = -40, -5*x = -3*y - 57. Calculate the greatest common divisor of 260 and x.
4
Let b = 4382 + -4355. Calculate the highest common divisor of 1647 and b.
27
Let u be (1/(-2))/((-19)/(-4902)*-3). Suppose 8 - 1126 = -2*h. Calculate the greatest common factor of h and u.
43
Let o = 3773 - 3681. Calculate the greatest common factor of 3496 and o.
92
Let p be 59250/26 + 196/56*8/182. What is the highest common factor of 159 and p?
53
Suppose -2*z - 43 = -w, -3*w - 25*z = -21*z - 199. What is the greatest common divisor of w and 627?
57
Let k = 8 + -50. Let z = k + 40. Let l be ((-1 + 4)/(-6))/(z/64). What is the highest common divisor of 16 and l?
16
Let x = 9 + -21. Let t be (6/x)/((-3)/24). Suppose -p = -s + 4, 0*s = -s - 2*p + t. Calculate the greatest common divisor of s and 28.
4
Let f = -452 + 445. Let v be (f - (-3 + -6)) + (-1 - -8). What is the highest common factor of 225 and v?
9
Suppose x = -4*c + 43, 182*c = -3*x + 177*c + 122. Suppose -3*d + 702 = -d. Calculate the greatest common divisor of x and d.
39
Suppose 2*s - 3 = 3, -a = 4*s - 1. Let u be (-4)/(-22) + (-42)/a. Let v be (-12)/(-10) + -1 - 76/(-20). Calculate the highest common factor of v and u.
4
Let c(l) be the third derivative of 0 + 3*l**2 - 5/3*l**4 + 0*l - 8*l**3. Let o be c(-4). Calculate the greatest common divisor of o and 28.
28
Let g = -1103 + 631. Let h = g - -487. Calculate the greatest common divisor of h and 30.
15
Let m be (1/2)/(4/72). Suppose 44*y + 8 = 46*